d + s = -8. Let x(c) = -c**3 + 7*c**2 - 5*c + 4. Give x(d).
10
Let k(d) be the first derivative of -d**3/3 - 3*d**2/2 - 3*d - 24. Calculate k(-2).
-1
Let j be (-4)/14 - 184/(-56). Suppose -7 = 5*x - c - 24, j*c + 18 = 4*x. Let a(w) = -w + w**3 + 2 - 6*w**2 + 3*w**2 + 0. Give a(x).
-1
Let h(t) = 4*t**2 + 9*t + 9. Let l(c) = 7*c**2 + 17*c + 17. Let y(d) = 5*h(d) - 3*l(d). Give y(-4).
2
Let y(k) be the second derivative of k**3/6 - 6*k**2 - 7*k. Determine y(5).
-7
Let z(j) be the first derivative of j**2/2 + 2*j + 3. Let v(g) = 2*g + 7. Suppose -4*r - 4*f = 12, 0 = -r - 6*f + 3*f + 1. Let t be v(r). Determine z(t).
-1
Let f(w) be the first derivative of w**2/2 + 8*w - 1. What is f(-6)?
2
Let q(d) = d + 8 + d - 3*d. Let o = 1 + 5. Calculate q(o).
2
Let g(a) be the first derivative of a**3/3 + 13*a - 1. Let l be -2 + 0 + (-4)/(-2). Determine g(l).
13
Let b(f) = f**2 - 5*f + 6. Let i(o) = o**2 + 4*o - 1. Let n be i(-5). Let g be ((-2)/n)/(2/(-16)). Give b(g).
2
Let u(g) = g**2 - g + g - 1 + 6*g**3. Let h = -6 + 1. Let f = -4 - h. What is u(f)?
6
Let o(g) = g**3 - 3*g**2 - 4*g + 3. Let c be o(4). Let f(i) = i - c - i + 2*i - i. What is f(4)?
1
Suppose 4*v = v. Let h = -2 + v. Let g(p) = p**3 + 4*p**2 + 2*p - 2. Give g(h).
2
Let q be (-4)/6 - (-4)/(-3). Let h be 12 + -15 + q*1. Let u(s) = -s**3 - 6*s**2 - 7*s - 6. What is u(h)?
4
Let m(p) = -8*p**3 + p**2 + 2*p + 1. Let a = -46 + 45. Calculate m(a).
8
Let o be (1 - (-11)/(-9)) + 300/135. Let m(a) = a**2 + a - 1. What is m(o)?
5
Let z(a) = -a**3 + a**2 - 4. Suppose 3*m + 3 = -5*b, 4*b + 4*m = -0 + 4. Let u be 1/b*0*1. Calculate z(u).
-4
Let a(m) = 8*m**2 - 4*m. Let c(i) = -8*i**2 + 5*i. Let g(x) = 4*a(x) + 3*c(x). Give g(-1).
9
Let o(y) be the first derivative of -y**2/2 - 4*y - 13. Give o(-8).
4
Let u(z) be the third derivative of 2*z**2 + 0*z - 1/6*z**3 + 0 + 0*z**4 + 11/60*z**5. Let g(f) = f - 8. Let h be g(7). Give u(h).
10
Let g(h) = -h**3 + 2*h**2 - 3*h + 1. Suppose 3*i + i - 88 = 0. Let k = -20 + i. Calculate g(k).
-5
Let z(v) = v**2 + v. Let h(f) = 2*f**2 - 8*f - 13. Let w(m) = h(m) - 3*z(m). Calculate w(-10).
-3
Suppose u = -5 + 4. Let g be (u*3)/3 - -1. Let h(v) = v**2 + v + 5. Calculate h(g).
5
Suppose 3*g = 0, 4*x + x - 3*g = 30. Let s be ((-2)/x)/((-4)/(-12)). Let h(t) = -2*t**2 - t. Determine h(s).
-1
Let d(s) = 3*s - 4. Let v(w) = -4*w + 4. Let t(i) = 3*d(i) + 2*v(i). What is t(5)?
1
Let s(n) be the third derivative of n**5/60 + n**4/4 + 5*n**3/6 + n**2. Let z be s(-5). Let v(w) = 3*w - 2 + 0*w + z - 5*w. Calculate v(-3).
4
Let k(f) be the second derivative of 0 - 1/60*f**5 + 2/3*f**3 + 0*f**2 - 4*f + 1/8*f**4. Let x(g) be the second derivative of k(g). What is x(3)?
-3
Let s be -11 - (2 + (-2 - 3)). Let d be s/3*(-12)/(-8). Let l(g) = -g + 1. Let u(z) = -4*z + 8. Let c(f) = -5*l(f) + u(f). What is c(d)?
-1
Let h(c) = c**2 - 5*c - 1. Let j be 1/3 - 15/(-9). Suppose 0 = -3*k + 5*k + 5*r - 24, -j*r = -4. Let y be (-2)/7 - (-37)/k. Give h(y).
-1
Let r = 6 - 4. Let p(d) = -5*d. Let n(q) = q - 1. Let h(k) = n(k) + p(k). Give h(r).
-9
Let m be 1 + -2 - (-5 + 1). Let q(x) = 1 - x + 3*x - m*x. Determine q(4).
-3
Let v = -61 + 68. Let k(n) = n**3 - 7*n**2 + n - 1. What is k(v)?
6
Let q(w) be the third derivative of w**5/60 - w**4/4 + w**3/3 + 32*w**2. Suppose 3*s - 15 = -3*o, 4*s - 25 = -s + 4*o. Determine q(s).
-3
Let w(y) = -y**2 - 7*y + 2. Let x be w(-7). Let i be 0 + -1 + x - 5. Let z(m) = -m**2 - 6*m - 5. Give z(i).
3
Let a(f) = f**3 + f**2 + f + 1. Let q(p) = -3*p - 5*p**3 - 3 + 3*p**2 - 5*p**2 - 8*p**2 - 4*p. Let n(c) = 4*a(c) + q(c). Determine n(-5).
-9
Let f(i) = -i**2 - i + 4. Suppose -2*p - 4 = 0, 4*d + p = -d + 18. Let g = -7 + d. Determine f(g).
-2
Suppose 0*q = -5*q - 5. Let o be (-7 - 2)*q/3. Suppose 5*d + 17 = -o. Let z(k) = k**2 + 3*k - 1. Give z(d).
3
Suppose 5*y - 3*y + 6 = -2*n, 3*n + 1 = y. Let q(a) = 5. Let k(p) = p - 1. Let l(t) = n*k(t) - q(t). Determine l(-8).
4
Let o(w) be the second derivative of 3*w + 0 + w**2 - 1/6*w**3. Calculate o(3).
-1
Let a(j) = 5*j**3 - 2*j**2 - j. Let v be a(-1). Let c(n) = -n**2 - 7*n + 5. Give c(v).
11
Let n(k) = 5*k - 4. Let g(b) = 6*b - 5. Let h(m) = -4*g(m) + 5*n(m). Give h(5).
5
Let x be 3*((-2)/6 + 2). Let h(f) be the second derivative of f**4/12 - 5*f**3/6 + 13*f. What is h(x)?
0
Let n = -1 + -2. Let f = -3 - -5. Let h(b) = 2 - 2*b - f*b + 7*b. What is h(n)?
-7
Let n(y) = -3 + y + 2*y + 0*y + 8. Give n(-7).
-16
Let k(d) = 8*d + 6 + d**2 + d + 0. Calculate k(-8).
-2
Let q(f) = f + 4. Let d(u) = u + 4. Let w(m) = -4*d(m) + 3*q(m). Let n be (0 - -1 - -1) + -4. Determine w(n).
-2
Suppose 0 = t + 4*t + 30. Let s(g) = -3*g + 13. Let o(n) = -4*n + 14. Let u(i) = -4*o(i) + 5*s(i). Calculate u(t).
3
Let d be ((-12)/15)/((-6)/45). Let l(m) = m**3 + 4 - 5*m + 0*m**2 - 2*m**3 - d*m**2. Determine l(-5).
4
Suppose -m = -3*h + 9, 2*h + m - 14 + 3 = 0. Let o = h + -5. Let u(y) be the first derivative of -9*y**2/2 + y + 1. Calculate u(o).
10
Let a = -5 + 9. Suppose 0 = -c - 4*v - v + 4, c - 3 = -a*v. Let j(o) = -o + 1. Let g(s) = -s - 7. Let m(z) = c*g(z) - 6*j(z). Determine m(-1).
-6
Let f(g) = -g - 8*g + 10*g. What is f(-4)?
-4
Let x(l) = -l + 2*l + 3*l**3 - 4*l**3 - 2*l + 5. Suppose 0 = -5*n + 3*g - 9, -2 = 4*n + 2*g - 8. Calculate x(n).
5
Let u(s) be the second derivative of s**7/840 + s**6/60 + s**4/3 + s**3/6 - 2*s. Let i(w) be the second derivative of u(w). Determine i(-6).
8
Let y = 13 - 19. Let l be 2*(-9)/y - 2. Suppose -3*z + l + 2 = 0. Let h(d) = 6*d**3 - 2*d**2 + 2*d - 1. Calculate h(z).
5
Suppose 0 = -0*k - k + 9. Let f = k + -5. Suppose -f*w + 16 = 2*q, -3*w + 10 = 5*q - 16. Let s(i) = -i**3 + 4*i**2 + i + 4. Calculate s(q).
8
Let i = -39 + 37. Let r(t) = -1 + 6*t**2 + t**3 - 2*t**2 - 3*t**2 - t. Give r(i).
-3
Suppose -5*g + 3 = 4*t, 0 = -4*g - g + t - 7. Let u be (g - (-14)/10)*5. Let z(n) = n + u*n - 4*n + 5. Determine z(5).
0
Let j(p) be the first derivative of 1/3*p**3 + 4*p + 3 + p**2. Give j(-3).
7
Let f(y) be the second derivative of -y**3/6 + y**2/2 - 8*y. Give f(-3).
4
Let m(x) = x**3 - 3*x**2 - 5*x + 4. Let y(l) = l + 2. Let a be y(3). Let f be (-1)/1 + 1*a. Give m(f).
0
Let d(r) be the third derivative of -r**7/2520 - r**6/120 - r**5/30 + r**4/24 + 3*r**2. Let x(h) be the second derivative of d(h). Determine x(-6).
-4
Suppose 0 = -0*b + b - 10. Let s(k) = k**2. Let n be s(0). Suppose n*w = 2*w - b. Let l(o) = -o**3 + 4*o**2 + 5*o + 7. What is l(w)?
7
Let u(q) = -q**2 + 5*q + 10. Let l = 50 - 43. Calculate u(l).
-4
Suppose w - 5*w = 0. Let n be 2/(-6)*w - -1. Let x(u) = u. Let p(o) = -4*o**2 - 4*o + 1. Let r(z) = p(z) + 3*x(z). Give r(n).
-4
Let f(z) = -1 + z**2 + 0*z**2 - 1. Suppose -18*w = -1 - 35. What is f(w)?
2
Let f(h) = 3*h. Let i be f(1). Suppose u - 50 = 6*u - 2*y, 5*y = i*u + 49. Let b be 60/u*4/5. Let w(p) = p**2 + 6*p + 4. What is w(b)?
4
Let q be 8/8 + -1 - -3. Let l(r) = -2*r**2 + r**2 + r**3 + 1 - 2*r - 4. Calculate l(q).
9
Let p(h) = -h**3 + 6*h**2 - h. Let w(m) = -m**3 - 3*m**2 + 3*m + 2. Let c be w(-4). Determine p(c).
-6
Let w be (24/2)/(4/14). Suppose 5*v - 3*o = o - w, -2*v - 27 = -5*o. Let y(z) = z**2 + 8*z + 7. Determine y(v).
-5
Let x = 2 + -3. Let l = -2 - x. Let o(w) = 4*w**2 + w - 2. Let y(u) = 17*u**2 + 4*u - 9. Let p(g) = 9*o(g) - 2*y(g). What is p(l)?
1
Let g(d) = -d**3 + 6*d**2 - 7*d + 7. Let m be ((-1)/3)/(1/(-6)). Suppose 4*r - 38 - m = 0. Suppose h + h = r. Calculate g(h).
-3
Let r(a) = a**3 + a - 1. Suppose -o - 4*j = -7, 2*o - 8 = -0*j - 5*j. Let w be (-1)/o - (-2 - -1). Suppose 2 = 4*i - w*i. What is r(i)?
1
Let v = 12 + -10. Let p(w) = 3 - 3*w - v + 5*w - 3*w. Let g be 0 + 2 - 0 - -4. Determine p(g).
-5
Let x(r) be the second derivative of -1/4*r**5 + 0*r**3 + 0 + 1/12*r**4 + 0*r**2 + 4*r. What is x(1)?
-4
Let v(i) = -4*i**2 - 1. Suppose 4*z + o = -9, 2*z = 7*z - o. Calculate v(z).
-5
Suppose 0 = -6*d - 21 - 21. Let x(z) = z**3 + 8*z**2 + 8*z - 8. Give x(d).
-15
Let d(v) = -2*v**2 - 3 - 2*v + v**2 + 1. Suppose -10 = 5*r - 0*r. Calculate d(r).
-2
Let k(t) = t**3 + t**2 + t + 1. Let m be (1*-2)/((-6)/(-6) - -1). Determine k(m).
0
Suppose -3*l + 2 + 1 = 0. Let h(d) = -2*d + 2*d**3 + 0 + l - d**3 - d**2 + d. What is h(1)?
0
Let j(u) = u**2 - u - 6. Let x be (0 + (4 - -1))/1. Determine j(x).